{"id":6431,"date":"2024-07-17T17:50:12","date_gmt":"2024-07-17T17:50:12","guid":{"rendered":"http:\/\/wanderschule.world\/?page_id=6431"},"modified":"2024-07-18T16:48:21","modified_gmt":"2024-07-18T16:48:21","slug":"zum-gedenken-an-reto-ingold","status":"publish","type":"page","link":"https:\/\/wanderschule.world\/de\/zum-gedenken-an-reto-ingold\/","title":{"rendered":"Zum Gedenken an Reto Ingold"},"content":{"rendered":"<div class=\"wpb-content-wrapper\"><p>[vc_row][vc_column][vc_column_text css=&#8221;&#8221; text_style=&#8221;leader-text&#8221;]<\/p>\n<p style=\"text-align: center;\">Am 11. Juli 2024 ist unser Freund, Kollege, Unterst\u00fctzer und Wegbegleiter von uns gegangen. Er hinterl\u00e4\u00dft eine L\u00fccke, die schwer zu f\u00fcllen sein wird. Wir bitten herzlich um geteilte Worte, Gedanken und Erlebnisse mit Reto. Vielen Dank!<\/p>\n<p>[\/vc_column_text][\/vc_column][\/vc_row][vc_row][vc_column]<div class=\"wpforms-container wpforms-render-modern\" id=\"wpforms-6540\"><form id=\"wpforms-form-6540\" class=\"wpforms-validate wpforms-form wpforms-ajax-form\" data-formid=\"6540\" method=\"post\" enctype=\"multipart\/form-data\" action=\"\/de\/wp-json\/wp\/v2\/pages\/6431\" data-token=\"40a105c29595fefc4c5decc933915d3a\" data-token-time=\"1777106042\"><noscript class=\"wpforms-error-noscript\">Bitte aktiviere JavaScript in deinem Browser, um dieses Formular fertigzustellen.<\/noscript><div id=\"wpforms-error-noscript\" style=\"display: none;\">Bitte aktiviere JavaScript in deinem Browser, um dieses Formular fertigzustellen.<\/div><div class=\"wpforms-field-container\"><div id=\"wpforms-6540-field_0-container\" class=\"wpforms-field wpforms-field-name\" data-field-id=\"0\"><label class=\"wpforms-field-label\" for=\"wpforms-6540-field_0\">Ihr Name <span class=\"wpforms-required-label\" aria-hidden=\"true\">*<\/span><\/label><input type=\"text\" id=\"wpforms-6540-field_0\" class=\"wpforms-field-large wpforms-field-required\" name=\"wpforms[fields][0]\" aria-errormessage=\"wpforms-6540-field_0-error\" required><\/div><div id=\"wpforms-6540-field_27-container\" class=\"wpforms-field wpforms-field-textarea\" data-field-id=\"27\"><label class=\"wpforms-field-label\" for=\"wpforms-6540-field_27\">Ihre Anteilnahme <span class=\"wpforms-required-label\" aria-hidden=\"true\">*<\/span><\/label><textarea id=\"wpforms-6540-field_27\" class=\"wpforms-field-medium wpforms-field-required\" name=\"wpforms[fields][27]\" placeholder=\"Bitte schreiben Sie hier Ihren Text\u2026\" aria-errormessage=\"wpforms-6540-field_27-error\" required><\/textarea><\/div><\/div><!-- .wpforms-field-container --><div class=\"wpforms-submit-container\" ><input type=\"hidden\" name=\"wpforms[id]\" value=\"6540\"><input type=\"hidden\" name=\"page_title\" value=\"\"><input type=\"hidden\" name=\"page_url\" value=\"https:\/\/wanderschule.world\/de\/wp-json\/wp\/v2\/pages\/6431\"><input type=\"hidden\" name=\"url_referer\" value=\"\"><button type=\"submit\" name=\"wpforms[submit]\" id=\"wpforms-submit-6540\" class=\"wpforms-submit\" data-alt-text=\"Senden...\" data-submit-text=\"Absenden\" aria-live=\"assertive\" value=\"wpforms-submit\">Absenden<\/button><img loading=\"lazy\" decoding=\"async\" src=\"https:\/\/wanderschule.world\/wp-content\/plugins\/wpforms\/assets\/images\/submit-spin.svg\" class=\"wpforms-submit-spinner\" style=\"display: none;\" width=\"26\" height=\"26\" alt=\"Wird geladen\"><\/div><\/form><\/div>  <!-- .wpforms-container -->[\/vc_column][\/vc_row][vc_row][vc_column]\t\t\t<div class=\"grve-element grve-testimonial-grid grve-isotope\" style=\"\" data-gutter=\"yes\" data-type=\"3-columns\" data-layout=\"masonry\">\r\n\t\t\t\t\t\t\t<div class=\"grve-isotope-container\">\r\n\t\t\t\r\n\t\t\t\t\t\t<div class=\"grve-isotope-item grve-testimonial-item\">\r\n\t\t\t\t\t<div class=\"grve-isotope-item-inner\">\r\n\t\t\t\t\t\t<div class=\"grve-testimonial-element\">\r\n\t\t\t\t\t\t\t<p style=\"text-align: left;\">Pl\u00f6tzlich verschieben sich die Rollen,<br \/>\nund wir werden hineingeworfen und mit<br \/>\ndem Wasser der Sintflut gewaschen.<br \/>\nWas die Dinge bewegt inmitten<br \/>\nvon W\u00fcnschen nach Trost,<br \/>\nwir Hoffnung atmen und<br \/>\nnicht vergessen, dass<br \/>\nwir gemeinsam reisen.<br \/>\n<em>(nach Monika Minder)<\/em><\/p>\n<p>Im Namen von agroviva m\u00f6chte ich allen Freunden, Kollegen und der Familie unsere Anteilnahme aussprechen.<br \/>\nWir w\u00fcnschen f\u00fcr die bevorstehende Zeit alles erdenklich Gute!<\/p>\n\t\t\t\t\t\t\t<div class=\"grve-testimonial-author\">\r\n\t\t\t\t\t\t\t\t\t\t\t\t\t\t\t\t\t\t\t\t\t\t\t\t<div class=\"grve-small-text grve-testimonial-name\"><span>Yvonne Kalve, agroviva<\/span><\/div>\r\n\t\t\t\t\t\t\t\t\t\t\t\t\t\t\t<\/div>\r\n\t\t\t\t\t\t<\/div>\r\n\t\t\t\t\t<\/div>\r\n\t\t\t\t<\/div>\r\n\r\n\t\t\t\t\t\t\t\t\t\t<\/div>\r\n\t\t\t\t\t\t\t<\/div>\r\n\r\n\t\t[\/vc_column][\/vc_row]<\/p>\n<\/div>","protected":false},"excerpt":{"rendered":"<p>[vc_row][vc_column][vc_column_text css=&#8221;&#8221; text_style=&#8221;leader-text&#8221;] Am 11. Juli 2024 ist unser Freund, Kollege, Unterst\u00fctzer und Wegbegleiter von uns gegangen. Er hinterl\u00e4\u00dft eine L\u00fccke, die schwer zu f\u00fcllen sein wird. Wir bitten herzlich um geteilte Worte, Gedanken und Erlebnisse mit Reto. Vielen Dank! [\/vc_column_text][\/vc_column][\/vc_row][vc_row][vc_column][\/vc_column][\/vc_row][vc_row][vc_column][\/vc_column][\/vc_row]<\/p>\n","protected":false},"author":1,"featured_media":0,"parent":0,"menu_order":0,"comment_status":"closed","ping_status":"closed","template":"","meta":{"footnotes":""},"class_list":["post-6431","page","type-page","status-publish","hentry"],"_links":{"self":[{"href":"https:\/\/wanderschule.world\/de\/wp-json\/wp\/v2\/pages\/6431","targetHints":{"allow":["GET"]}}],"collection":[{"href":"https:\/\/wanderschule.world\/de\/wp-json\/wp\/v2\/pages"}],"about":[{"href":"https:\/\/wanderschule.world\/de\/wp-json\/wp\/v2\/types\/page"}],"author":[{"embeddable":true,"href":"https:\/\/wanderschule.world\/de\/wp-json\/wp\/v2\/users\/1"}],"replies":[{"embeddable":true,"href":"https:\/\/wanderschule.world\/de\/wp-json\/wp\/v2\/comments?post=6431"}],"version-history":[{"count":15,"href":"https:\/\/wanderschule.world\/de\/wp-json\/wp\/v2\/pages\/6431\/revisions"}],"predecessor-version":[{"id":6550,"href":"https:\/\/wanderschule.world\/de\/wp-json\/wp\/v2\/pages\/6431\/revisions\/6550"}],"wp:attachment":[{"href":"https:\/\/wanderschule.world\/de\/wp-json\/wp\/v2\/media?parent=6431"}],"curies":[{"name":"wp","href":"https:\/\/api.w.org\/{rel}","templated":true}]}}

<div class="wpb-content-wrapper"><p>[vc_row][vc_column][vc_column_text css=&#8221;&#8221; text_style=&#8221;leader-text&#8221;]</p>
<p style="text-align: center;">Am 11. Juli 2024 ist unser Freund, Kollege, Unterstützer und Wegbegleiter von uns gegangen. Er hinterläßt eine Lücke, die schwer zu füllen sein wird. Wir bitten herzlich um geteilte Worte, Gedanken und Erlebnisse mit Reto. Vielen Dank!</p>
<p>[/vc_column_text][/vc_column][/vc_row][vc_row][vc_column]<div class="wpforms-container wpforms-render-modern" id="wpforms-6540"><form id="wpforms-form-6540" class="wpforms-validate wpforms-form wpforms-ajax-form" data-formid="6540" method="post" enctype="multipart/form-data" action="/de/wp-json/wp/v2/pages/6431" data-token="40a105c29595fefc4c5decc933915d3a" data-token-time="1777106042"><noscript class="wpforms-error-noscript">Bitte aktiviere JavaScript in deinem Browser, um dieses Formular fertigzustellen.</noscript><div id="wpforms-error-noscript" style="display: none;">Bitte aktiviere JavaScript in deinem Browser, um dieses Formular fertigzustellen.</div><div class="wpforms-field-container"><div id="wpforms-6540-field_0-container" class="wpforms-field wpforms-field-name" data-field-id="0"><label class="wpforms-field-label" for="wpforms-6540-field_0">Ihr Name <span class="wpforms-required-label" aria-hidden="true">*</span></label><input type="text" id="wpforms-6540-field_0" class="wpforms-field-large wpforms-field-required" name="wpforms[fields][0]" aria-errormessage="wpforms-6540-field_0-error" required></div><div id="wpforms-6540-field_27-container" class="wpforms-field wpforms-field-textarea" data-field-id="27"><label class="wpforms-field-label" for="wpforms-6540-field_27">Ihre Anteilnahme <span class="wpforms-required-label" aria-hidden="true">*</span></label><textarea id="wpforms-6540-field_27" class="wpforms-field-medium wpforms-field-required" name="wpforms[fields][27]" placeholder="Bitte schreiben Sie hier Ihren Text…" aria-errormessage="wpforms-6540-field_27-error" required></textarea></div></div><!-- .wpforms-field-container --><div class="wpforms-submit-container" ><input type="hidden" name="wpforms[id]" value="6540"><input type="hidden" name="page_title" value=""><input type="hidden" name="page_url" value="https://wanderschule.world/de/wp-json/wp/v2/pages/6431"><input type="hidden" name="url_referer" value=""><button type="submit" name="wpforms[submit]" id="wpforms-submit-6540" class="wpforms-submit" data-alt-text="Senden..." data-submit-text="Absenden" aria-live="assertive" value="wpforms-submit">Absenden</button><img loading="lazy" decoding="async" src="https://wanderschule.world/wp-content/plugins/wpforms/assets/images/submit-spin.svg" class="wpforms-submit-spinner" style="display: none;" width="26" height="26" alt="Wird geladen"></div></form></div>  <!-- .wpforms-container -->[/vc_column][/vc_row][vc_row][vc_column]			<div class="grve-element grve-testimonial-grid grve-isotope" style="" data-gutter="yes" data-type="3-columns" data-layout="masonry">
							<div class="grve-isotope-container">
			
						<div class="grve-isotope-item grve-testimonial-item">
					<div class="grve-isotope-item-inner">
						<div class="grve-testimonial-element">
							<p style="text-align: left;">Plötzlich verschieben sich die Rollen,<br />
und wir werden hineingeworfen und mit<br />
dem Wasser der Sintflut gewaschen.<br />
Was die Dinge bewegt inmitten<br />
von Wünschen nach Trost,<br />
wir Hoffnung atmen und<br />
nicht vergessen, dass<br />
wir gemeinsam reisen.<br />
<em>(nach Monika Minder)</em></p>
<p>Im Namen von agroviva möchte ich allen Freunden, Kollegen und der Familie unsere Anteilnahme aussprechen.<br />
Wir wünschen für die bevorstehende Zeit alles erdenklich Gute!</p>
							<div class="grve-testimonial-author">
																								<div class="grve-small-text grve-testimonial-name"><span>Yvonne Kalve, agroviva</span></div>
															</div>
						</div>
					</div>
				</div>

										</div>
							</div>

		[/vc_column][/vc_row]</p>
</div>

<p>[vc_row][vc_column][vc_column_text css=&#8221;&#8221; text_style=&#8221;leader-text&#8221;] Am 11. Juli 2024 ist unser Freund, Kollege, Unterstützer und Wegbegleiter von uns gegangen. Er hinterläßt eine Lücke, die schwer zu füllen sein wird. Wir bitten herzlich um geteilte Worte, Gedanken und Erlebnisse mit Reto. Vielen Dank! [/vc_column_text][/vc_column][/vc_row][vc_row][vc_column][/vc_column][/vc_row][vc_row][vc_column][/vc_column][/vc_row]</p>
